 Let x be o(10). Let p(d) = d**3 + 7*d**2 + d + 8. Determine p(x).
1
Let r(y) = 22 + y**2 - 23 + y**2 + y. Suppose -2*a - 160 = -6*a. Suppose 42 = z + a. What is r(z)?
9
Let o(j) = -j - 2. Let i be 6/33 + (-194)/(-22). What is o(i)?
-11
Let k(t) = -t + 11. Let z be (-4)/((-7)/(42/4)). What is k(z)?
5
Let o be (-38)/(-6) - 22/(-33). Let z = o + -9. Let s(u) = -8*u - 2. What is s(z)?
14
Let f(y) be the third derivative of -y**4/12 + y**3 - y**2. Let b(r) = 4*r - 8. Let a be b(3). What is f(a)?
-2
Let j(x) be the second derivative of x**5/20 + x**4/3 + x**3/6 + x**2/2 + 4*x. Let t be ((-2)/(-4))/(1/(-20)). Let n = t + 7. Calculate j(n).
7
Let p(g) = g + 5. Suppose 6 + 18 = -4*w. What is p(w)?
-1
Suppose 0 = -3*l + 9 + 3. Let b be (-5 - l)/3*-5. Suppose -3*x + b = 2*x. Let y(a) = -a**3 + a**2 + 4*a. What is y(x)?
-6
Suppose 0 = 2*y - b + 15 + 15, -3*y = -5*b + 52. Let d be 40/(-70) - 92/y. Let j(w) = w**3 - 6*w**2 + 5. Determine j(d).
5
Let h = 136 + -231. Let u be 2/7 - h/35. Let i(r) = -r**3 + 3*r**2 - 3*r - 4. What is i(u)?
-13
Let q(h) = -h**3 - h**2 + h + 1. Suppose 0 = 3*y - 15, -2*f - 3*y = -7*f - 10. Suppose 5*a - 1 + f = 0. Give q(a).
1
Suppose 0*h = -5*h - 3*o + 253, -48 = -h + 2*o. Let z = h + -41. Let q(m) = m**2 - 11*m + 12. Give q(z).
-6
Suppose 14 = -3*m - 1. Let d(v) = 3*v. Let x(s) be the second derivative of s**4/12 + 5*s**3/2 + 2*s**2 - 62*s. Let k(p) = 4*d(p) - x(p). Determine k(m).
-14
Let k(v) = -v**3 + 6*v**2 - 7. Let b = 35 + -16. Let m = -816 + 803. Let j = b + m. Determine k(j).
-7
Let m = -38 + 40. Let v(h) be the first derivative of -2*h + 3/2*h**2 + 2 - 2/3*h**3. Calculate v(m).
-4
Suppose 5*g - 30 = 25. Let z = 14 - g. Let k(q) = -2 - 1 + 2 + q**2 - q - z*q**3 + 2*q. Determine k(1).
-2
Let b(w) be the first derivative of w**4/2 + 5*w**3/3 + w**2/2 - 3*w - 160. Determine b(-3).
-15
Let x(v) = -v**3 - 2*v - 1. Let w(p) = p**2 + 16*p + 27. Let c be w(-14). Calculate x(c).
2
Let l(r) = -r**3 + 8*r**2 - 2*r + 3. Let w(f) = 2*f**3 - 17*f**2 + 5*f - 7. Let i be 33/(-12) - (-2 - 9/(-4)). Let y(k) = i*w(k) - 7*l(k). Give y(5).
-5
Let x(r) be the first derivative of r**6/180 + r**5/20 + r**4/24 - 16*r**3/3 - 15. Let u(t) be the third derivative of x(t). Determine u(-4).
9
Let h(t) = -t**3 + t**2 - 1. Let x(o) = -o - 14. Let l be x(-13). Calculate h(l).
1
Let v(m) = -m - 1. Let s(k) = -2*k**3 - 6*k**2 + 8. Let t be s(-4). Let c = -33 + t. Calculate v(c).
-8
Let v(b) = 3*b + 1 + 2 + 2*b - 1. Let r(s) = -s**3 + 26*s**2 - s + 24. Let z be r(26). Calculate v(z).
-8
Let d(h) = -11*h + 116. Let y be d(11). Let n(x) = x**3 + 4*x**2 - 3*x + 4. What is n(y)?
-6
Let q(b) = -b**2 - 9*b + 6. Let k(h) = -h**2 - 9*h + 5. Let d(a) = 5*k(a) - 4*q(a). Let x be d(-9). Let v(y) = -83 + 173 - y - 89. Determine v(x).
0
Let p = 32 + -38. Let v = 11 - 7. Let j(h) = -v - h + 0*h - 5. Calculate j(p).
-3
Let d(o) = 576*o - 2 + 2 - 297*o - 286*o. Determine d(-2).
14
Let o(y) = 7*y + 7. Let z(x) = 10*x + 10. Let h(d) = -7*o(d) + 5*z(d). Let b(l) = -l**2 - 22*l - 23. Let a be b(-21). Give h(a).
-1
Let j(t) = 2*t - 5. Let c(l) = 2*l**2 - 21*l + 14. Let v be c(10). Determine j(v).
3
Let k(c) = -c**3 + 7*c**2 + 8*c + 16. Suppose 3 = 3*f - 5*w - 11, 28 = 3*f + 2*w. Calculate k(f).
16
Suppose 0 = -h - h - 22. Let w be (1 - 9) + (-7 - h). Let b(i) = -i**2 - 4*i - 5. Give b(w).
-5
Let p(w) = 8*w**2 - 16*w - 11. Let k(d) = -5*d**2 + 9*d + 6. Let i(j) = 5*k(j) + 3*p(j). Let a = -14 - -10. Give i(a).
-7
Let u = -2 + 2. Let h = u - -1. Let c(l) = 2*l**2 - l + 5. Let k(z) = 2*z**2 - 2*z + 11. Let y(b) = -2*c(b) + k(b). Give y(h).
-1
Let k be ((-4)/10)/(200/3000). Let f(i) = 8*i + 12. Let x(m) = -9*m - 13. Let n(r) = 6*f(r) + 5*x(r). What is n(k)?
-11
Let s be ((-16)/20)/(6/(-45)). Let l(x) = -2 - x - s*x + 6*x. Give l(0).
-2
Let f(l) = -l + 12. Suppose 6*x - 10 = 20. Suppose b - 2*k + 13 + 0 = 0, 2*b + 17 = -x*k. Let m be 101/11 - (-2)/b. Determine f(m).
3
Let l = 223 + -229. Let z(i) = i**2 + 3*i. Give z(l).
18
Suppose -4 = -65*v + 63*v. Let m(z) = -z + 0*z + 0*z - 7*z**2 - 3 + 6*z**v. Calculate m(-3).
-9
Let w be (-128)/(-12) + -4 + (-4)/6. Let a(m) = -w*m + 38 - m**2 + 37 - 79. Give a(-7).
-11
Let t be 0 - 0 - (-3 + 5). Let r(h) be the third derivative of -h**6/60 + h**5/60 - h**3/3 + 258*h**2. Determine r(t).
18
Let w(k) = k**3 - 25*k**2 - 24*k - 52. Let i be w(26). Let h(j) = -2*j - 9. What is h(i)?
-9
Let c(r) = -r + 9. Let s be c(4). Let m(o) = -2*o + 7 - 11 + s. Calculate m(1).
-1
Let r = 13 + -13. Let q(d) = d**2 - d - 17. Let f be q(r). Let k = -13 - f. Let c(m) = -m**3 + 5*m**2 - 4*m - 5. Determine c(k).
-5
Suppose i - 5*h + 3*h = 5, h = 3. Let o be -2 + 4 - (i - 10). Let t(n) = -6*n - 1. What is t(o)?
-7
Let h(d) = d**2 + 7*d + 7. Let z(j) = -j - 5. Let u be z(0). Let r = -7 - u. Let a be 69/(-15) - r/(-5). What is h(a)?
-3
Let x(i) = 13*i**3 + i**2 - i. Let z be 2*-1*25/(-50). Give x(z).
13
Suppose -48 = 5*q - 17*q. Suppose 4*i - 44 - 12 = 0. Let p(x) = -5*x + 9. Let t(a) = 24*a - 44. Let v(m) = i*p(m) + 3*t(m). What is v(q)?
2
Let p(n) = -3*n + 0 + 1 + 2*n. Suppose 5*x + 5*r - 58 = 2*x, -x + r = -14. Suppose -13*y + x*y + 15 = 0. Give p(y).
6
Let d(w) = -w. Let c(o) = o**3 - 3*o**2 + 7*o + 12. Let y(h) = -2*h**3 + 7*h**2 - 14*h - 23. Let f(v) = -7*c(v) - 4*y(v). Let q(i) = -2*d(i) - f(i). Give q(6).
-2
Let k = 142 - 140. Let b(t) = -t**2 - 4*t + 7. Let a be b(-5). Let f(z) = 4*z**2 - 3 - 2*z**a - 3*z**k. Determine f(4).
-19
Let x(h) = 4*h - 4. Suppose 5*p = -5*s + 40, 16 = -s + p + 4*p. Let u = 19 - s. Suppose -c = 3*q - u, q + 11 = 5*c - 0. Calculate x(c).
8
Let d(a) be the first derivative of -2*a + 1/3*a**3 - 3*a**2 + 22. Calculate d(5).
-7
Let h(s) = 11*s**3 + s**2 - 5*s - 4. Let d(w) = w**2 - w - 1. Let b(r) = -3*d(r) + h(r). Suppose -6 = 5*g - m, -2*g = 4*m - m - 1. Let v = 0 + g. What is b(v)?
-12
Suppose 37 = -4*b + 9. Let u(i) = i**3 + 7*i**2 + 2*i - 10. Give u(b).
-24
Let v(g) = -19 - 3*g + 3*g + 48 - 26 + g. Give v(-5).
-2
Let l(o) = -7*o**2 - 87*o - 8 - o**3 - 3*o**2 - 5*o**2 + 6*o**2 + 78*o. Suppose 5*u + 21 + 19 = 0. Determine l(u).
0
Let z be 2060/(-35) + (-4)/28. Let v = z - -51. Let a(l) = l**2 + 9*l + 1. Calculate a(v).
-7
Suppose 3*q + 11 = -3*r + 2*r, 2*r - 10 = 2*q. Let k(b) = b**3 + b + 26. Let w be k(0). Let d be 123/39 + q/w. Let l(c) = -c**2 + 7*c - 2. Give l(d).
10
Let r(t) be the second derivative of t**5/20 + 3*t**4/2 + 3*t**3 + 13*t**2/2 + 11*t. Let x be r(-17). Let f(b) = -b**3 - 5*b**2 - 5*b - 1. Calculate f(x).
3
Let z(h) = 3*h**2 + 0 - 4*h + 3*h**3 + 0 - 2*h**3. Let w be z(-4). Let l(u) = -7*u**2 + 0 + 2 + 14*u**2 + u - 6*u**2. What is l(w)?
2
Suppose 23 = -5*d + s, 2*d = -0*d + s - 11. Let y(b) = 3*b**2 - 3*b. Let n(u) = u**2 - u - 1. Let w(i) = d*n(i) + y(i). Determine w(3).
-2
Let g(a) = -a**2 - 6*a + 13. Let s(v) = -6*v**2 - 29*v + 64. Let m(f) = -11*g(f) + 2*s(f). Let h(k) be the first derivative of m(k). Give h(7).
-6
Let r(v) = 9*v**2 + 2*v + 1. Let b = 12 + -60. Let g = b - -47. Calculate r(g).
8
Let a = -15 - -17. Let i(p) = -9*p + p**2 - 2 + 4 + p + 4*p. Determine i(a).
-2
Let a = 525 + -513. Let z(l) = l**2 - 13*l + 19. Calculate z(a).
7
Let g be 2/3 - 49/(-147). Let y(h) = -5*h + 6*h + 9*h**2 - 5*h**2. Determine y(g).
5
Let m(z) = -2*z**3 - 9*z**2 + 4*z - 11. Let w = 233 + -238. Determine m(w).
-6
Let s(o) = 3*o + 2 - 1 + 1 - 2*o**2. Let n = -5 + 10. Suppose 37 - 27 = -n*j. Calculate s(j).
-12
Let i(x) = -83*x**2 + 83*x**2 + 34 + x**3 + x. Calculate i(0).
34
Let r(j) = -j + 4. Suppose -4*y + 0*m - 2*m = 42, -2*m = 5*y + 50. What is r(y)?
12
Let h = 56 - 56. Let s(y) = -1 - y**3 + y + 6*y**2 + h*y**2 - 4*y**2. What is s(-2)?
13
Suppose 20*v - 21*v - 4 = 0. Let m(x) = x**3 + 4*x**2 - x + 1. Calculate m(v).
5
Suppose 0 = 4*r + 3*g - 0*g - 87, -3*r + 59 = -4*g. Let l(t) = r - 20 - 2*t - 3*t. Suppose -3*v + 12 = 3*o, -2*o + 21 = -3*v + 8. Give l(v).
6
Suppose -k + 3*o = -9 - 9, -2*o = -4*k + 22. Let n(u) = -2*u + 3. Determine n(k).
-3
Let h(p) = p**3 + 3*p**2 + 5*p + 4. Let y be (-3)/15 + (-22)/(-10). Let s(l) = l**2 + 3 - 5*l + 2 - y + 0*l**2. Let w be s(2). Calculate h(w).
-11
Let r be ((-58)/(-6) - 2) + (-2)/(-6). Let i(w) = -w**2 + 11*w - 25. Give i(r).
-1
Let v(z) be the second derivative of -z**7/168 + z*